
12
What is (-4 - -1) + (26 - 20) + 9 + 3?
15
What is -12 - ((-4 - -12 - 7) + -9)?
-4
Calculate -14 - -1 - (229 + -229).
-13
5 - (2 - (-4 + (-6 - 3 - -18)))
8
What is (-3 - ((-2 - -1) + 3)) + -149 + 140?
-14
What is the value of 6 + -1 - (7 + 1 - (5 - 4))?
-2
Calculate (-9 + 0 + 3 - -6) + 3.
3
What is the value of (37 + -28 - 40) + -8?
-39
-6 + (23 - (-12 + 2 - -21) - 11)
-5
What is -3 + -10 + 2 - (-1 - 4)?
-6
What is -7 + (13 - 2) + (4 - 3)?
5
Calculate -14 + (-19 - -17) + -1.
-17
What is 1 + 11 - (-6 + (-4 - -13))?
9
(-102 + 42 - -59) + 15 + 1
15
1 + 8 - (-7 + 15 + 12 + -14)
3
What is the value of -16 - ((-1 - -5 - 15) + 13)?
-18
What is 14 - 2 - (-4 - 44 - -81)?
-21
(1 - -40) + 244 + -253
32
Calculate 2713 + -2709 + (1 - 17).
-12
What is the value of 11 - (8 + -3) - (-8 + -6)?
20
(-10 - (-2 - 11)) + 10 + -4
9
27 + -25 + (1 - 2) - 8 - 7
-14
Calculate -6 - ((53 - 55) + (3 - -1)).
-8
What is the value of -13 + (14 - -12) + -4?
9
What is the value of (-1 - 1) + (-7 - -12 - 18)?
-15
17 - ((7 - 8 - 5 - 4) + 9)
18
Calculate -2 + -1 + 8 + -16 + 17 + -8.
-2
What is (14 - 2) + 5 + -27?
-10
22 + -18 + -6 + -1 - 11
-14
Evaluate -20 + (-4 - (-3 + -7 + -2 + -1)).
-11
What is 14 + -21 - (-2 - (0 - 5))?
-10
Evaluate (-6 - -10) + (-9 - (4 - -1)).
-10
What is -5 + 4 + 3 - (-14 + 8)?
8
21 + -23 + (0 - 1) + 6
3
What is the value of 1 + (-12 - 3) + 44 + -37?
-7
Calculate -5 - (7 + 2 + -12).
-2
What is -1 + 0 + 0 + 4 + 14867 + -14866?
4
What is the value of (-11 + 3 - 0) + -1 + 1 + -3?
-11
What is 1280 + -1272 - (2 - (-36 + -2))?
-32
What is 9 - (9 + -11 + 2 + 80 + -77)?
6
Calculate -10 - (14 - (11 - -15)).
2
What is (2 - 1 - 3) + (-42 - -17)?
-27
Evaluate 4 - 2 - (-7 + 14).
-5
Evaluate 2 + 10 - (1 - -11).
0
What is (-14 - -14) + (1 - 0) + 3?
4
What is 36 + (1 - 1) + (-2833 - -2828)?
31
Calculate -115 - -166 - (-2 - -29).
24
What is the value of (-7 + -21 - -24) + 16?
12
Calculate -108 - -120 - (-3 + 31).
-16
Calculate (-6 - 0) + -246 + 244.
-8
Evaluate (14 - 9) + 6 + -18 + 0 - -28.
21
What is the value of -7 + (-10 - -2 - -15) + -10 + -1?
-11
What is 19 - (58 + (-13 - 6))?
-20
Calculate (27 - (-3 - -7)) + -9 + (2 - 0).
16
Evaluate (-5 + -1 - 14) + -4 + 1 + 9.
-14
What is the value of 29 - 60 - -23 - -31?
23
Evaluate -18 - (28 + -11) - (-12 + 7 - 2).
-28
Calculate -1 + (0 - -6) + (-3 - (20 + -8)).
-10
Evaluate (4 - 0) + (-5 - -4) + (7 - 12).
-2
What is the value of -9 - -2 - (-73 - -51)?
15
Evaluate 10 - ((55 - 11) + -19).
-15
What is the value of -13 - -1 - (-79 + 152 - 77)?
-8
-39 - (-40 + 47 - 42)
-4
(-1 - 0 - 9) + (50 - 69)
-29
(-1 + -1 - (-18 + 5)) + (-6 - -6)
11
Evaluate 17 - (54 - 26) - 5.
-16
What is 0 - -24 - (38 - 35)?
21
Evaluate -37 - (-5 - (-13 + 26)).
-19
What is the value of 15 - (75 + -74 + 0 + -2 + -2)?
18
2 - (12 + -10 - -4) - 8
-12
Evaluate -1 + 0 + (31 + -34 - (2 + -1)).
-5
What is (85 + -36 - 23) + -35?
-9
Evaluate ((10 - 0) + -1 - 1) + (356 - 356).
8
-6 + (-5 - (-4 + 1 - (5 - 1)))
-4
What is -1 + -3 - (31 + 13 + -41)?
-7
Evaluate (-11 - (-16 + 13)) + (-13 - (0 + -3)).
-18
-2 - -14 - (-14 - (35 + -56))
5
-2 - -20 - 28 - -7
-3
Calculate (0 - 5) + (-4 + -1 - -3) + 2.
-5
Evaluate (170 - 207) + (1 - -7) - (-8 + -3).
-18
What is the value of -14 + (7 + 0 - 12) + -13?
-32
Calculate -133 + 247 - 105 - (-3 - (-1 - -1)).
12
What is -7 + -1 - (-7 + 16 - 12 - -9)?
-14
What is the value of -13 - ((-7 - -2) + 4 + 2) - -8?
-6
Calculate 3 + 3 + 5 + (2 - 6).
7
(-1 - 9) + (-190 - -183) - -12
-5
What is the value of (11 - 5) + 0 + (-139 - -119)?
-14
-15 - -8 - ((-28 - (7 + -8)) + 1)
19
-2 + 5 + 2 + -14
-9
What is the value of 10 - (53 - (31 + -8)) - (4 + 1)?
-25
What is the value of (4 - -1) + (254 - 262)?
-3
Calculate -33 - -48 - -8 - 13.
10
(20 - (19 - 16)) + -48
-31
What is -2 + 1 - 8 - (478 + -477)?
-10
(-4 - 3) + 8 + -5 + -2
-6
(6 - (44 + (-13 - -2))) + -2 + -10
-39
Evaluate -12 + (39 - 1 - 19).
7
What is the value of 55 + (19 - (72 - 30))?
32
Calculate -5 + 10 + (-10 - (-7 - 4)).
6
What is (-1 - -1) + -14 + 11 + 4 + -16?
-15
(-129 + 131 - (0 + 9)) + 28 + 2
23
Calculate 22 - 29 - (2 - 2).
-7
9 - (1 - -17) - (6 - (-1 - 4))
-20
Evaluate (2 - 3 - 17) + -52 + 59.
-11
What is the value of 2 - ((-2 - 3) + 2) - (-18 - -14)?
9
Calculate 2 + 17 - (517 + -476).
-22
Calculate (5 - (18 + -13)) + -10.
-10
Calculate -9 - (0 - (-2 - -3)).
-8
Evaluate 0 - (-5 - (8 + -13)).
0
What is the value of 0 + 1 + (-4 - 12 - -6)?
-9
What is -5 + (2 - (0 - (12 - 7)))?
2
Evaluate 17 - (38 + -42 - (1 - (-1 + 7))).
16
What is the value of (-6 - (2 - 1)) + 0 + 17?
10
-12 + 3 + 55 + -46
0
What is 2 + -8 - (-45 + 45 + (1 - 0))?
-7
What is the value of (50 - 65) + 16 + -6?
-5
What is the value of 7 - -1 - ((16 - 2) + -8)?
2
What is the value of (14 + -31 - -17 - -2) + -21?
-19
Evaluate (1 + 25 - (-148 - -148)) + -12.
14
Calculate (-12 - 1 - -19) + -29.
-23
-14 + (-12 - -14) + 24 + -4
8
Evaluate -2 + ((2 - 3) + -3 - -6) + 5.
5
What is 28 + (7 - 13 - 31)?
-9
What is the value of 16 - (0 - 15 - (11 + -12))?
30
Calculate -27 + -44 + 29 - -6.
-36
What is the value of -3 + 0 - (-10 - -6 - 0 - -8)?
-7
What is (12 - 0) + (0 + -9 - (3 - 12))?
12
What is the value of 2 - (7 + -7 + 3) - 5 - -8?
2
24 + (-24 - -2) + 11
13
What is -20 - (-6 + 10 + 11 + -10)?
-25
What is (41 - 12 - 15) + -16?
-2
3 + (6 - 2) - 4
3
Calculate 14 + 2 + (-102 - -82).
-4
Calculate -6 + (17 - ((2 - -1) + -3)).
11
What is -11 - (-8 + (0 + 0 - -8))?
-11
(-5 - (3 + 6 + -8)) + -4
-10
Evaluate 29 + -16 + -19 - (-6 - 0).
0
What is 19 + (-28 - -16 - -2)?
9
What is the value of 12 + (9 - (3 + -2 + -10 + 10))?
20
What is the value of (7 - 5) + (-30 - -19)?
-9
What is the value of (7 - -5) + 0 - 10 - 6 - -34?
30
Calculate 0 + -4 + 12 + -9 + -2 + -2.
-5
What is -18 - -22 - (-1 + -3)?
8
Calculate -40 + 8 + 3 + -2 + 10.
-21
6 - ((-26 - -16) + 24)
-8
Calculate 0 + -1 - (287 + -311 - (-1 - 5)).
17
-4 + (-23 - (-24 + -14))
11
What is 9 - 19 - -6 - 2?
-6
What is -3 + 5 + -23 - 0?
-21
What is the value of (-2 - (-6 + 2 - 1) - 9) + -14?
-20
43 + -70 + (0 - (-14 - -3))
-16
Calculate (-21 - (-7 + -1)) + 15.
2
What is the value of 7 - (-13 - (-6 - 9))?
5
11 + -7 + (2 - 0) - 14
-8
Calculate (1 - -43 - 0) + -40.
4
Evaluate 1 + (9 - 6 - (-7 - (-16 - -3))).
-2
Calculate 24 + (-7 + -31 - -17).
3
Calculate (14 - 23 - -2) + (-12 - -2).
-17
What is 11 + (-12 - 2) + 46 + -16?
27
What is the value of 8 - 0 - (-60 + 57)?
11
What is the value of (104 + -104 - (0 - 7)) + -4?
3
What is the value of (-3 - (-14 + 0)) + 39 + -52?
-2
Calculate -31 + 1 + (8 - (3 - -10)) - -10.
-25
Evaluate (1 - (0 + 1) - 13) + -4.
-17
2 - (31 - 38 - (-3 + 1))
7
What is -2 + 0 + (-22 - -30)?
6
(9 - 9 - -3 - 8) + 10
5
Evaluate 23 + -16 + 0 + -1 + -2 + -2.
2
Evaluate 3 + 9 - (11 + -8) - 2.
7
Evaluate 24 + (25 - (85 - 23)).
-13
What is the value of -145 + 146 - (-27 + 0)?
28
7 + (10 - 23) + -5 + 1
-10
Evaluate -4 - -17 - 15 - 24.
-26
-11 - (1 + 0 + -3)
-9
What is -42 + 23 + 10 - (1 + -1)?
-9
What is (-10 - (-20 - -33) - -12) + (1 - -3)?
-7
Calculate (-5 - (20 + -23)) + -13.
-15
8 + -1 - (-5 + (0 - 0) + 3)
9
Calculate 38 - (-1 - -8) - ((-4 - -15) + -8).
28
What is the value of 5 - 11 - (-97 - -121)?
-30
Calculate -8 - (6 + -4 - -16 - 34).
8
What is -3 + 10 + -11 + (10 - (0 + -4))?
10
Calculate (-7 - 3) + -3 + 8 - (-6 - -1).
0
What is (-103 - -110) + -4 + -1 - (0 + 2)?
0
What is (22 - 4) + (2 - (12 + 0))?
8
Evaluate -57 - (-30 + -2 + 6) - (1 - 2).
-30
What is the value of -186 + 157 + (0 - -18)?
-11
-4 + 2 + 2 + 4 + -2 - 3
-1
What is (-57 - -56) + -3 + 2 + 2?
0
What is the value of (12 - 13) + 2 + -4 + 12 + -3?
6
What is -1 + (25 - 9) + -9?
6
14 + (-69 - -70) - (-7 + 0)
22
What is the value of -12 + (-7 - -23 - -1)?
5
(5 - (-3 + 7)) + 18 + 2 + -5
16
What is (6 + 0 - 15) + (15 - 15)?
-9
What is the value of 7 - ((16 - 2) + -2 + (2 - -5))?
-12
(21 - -8) + (-11 - 5)
13
Evaluate 26 + (-8 - (8 + -10 + 4)).
16
What is the value of 0 + -29 - (31 + (34 - 76))?
-18
What is -25 - (-41 - (27 - 54))?
-11
What is 35 - ((10 + -22 - -2) + 15)?
30
What is the value of -3 + -1 + 3 + 32 + -20?
11
Calculate (-1 + 6 - -9) + -6.
8
What is the value of 1 - 2 - -1 - (-29 + -31 - -72)?
-12
Calculate -9 + 16 - (8 + 45 + -18).
-28
What is (30 + -19 - -3) + -14?
0
Calculate 9 - (9 + (27 - 31)).
4
Calculate 12 +